{"id":10,"date":"2025-12-07T15:42:11","date_gmt":"2025-12-07T14:42:11","guid":{"rendered":"https:\/\/ezporogmostaneten.live\/ezjottmost\/?page_id=10"},"modified":"2025-12-07T15:42:11","modified_gmt":"2025-12-07T14:42:11","slug":"jogi-nyilatkozat","status":"publish","type":"page","link":"https:\/\/ezporogmostaneten.live\/ezjottmost\/jogi-nyilatkozat\/","title":{"rendered":"Jogi nyilatkozat"},"content":{"rendered":"<p>Ha \u00fagy \u00e9rzi, hogy az oldalon tal\u00e1lhat\u00f3 tartalom s\u00e9rti b\u00e1rki szerz\u0151i jogait, k\u00e9rj\u00fck vegye fel vel\u00fcnk a kapcsolatot az al\u00e1bbi e-mail c\u00edmen.<br \/>\nKapcsolat: phord@proton.me<\/p>\n<p>Az esetleges illet\u00e9ktelen publik\u00e1ci\u00f3kat halad\u00e9ktalanul korrig\u00e1ljuk.<\/p>\n","protected":false},"excerpt":{"rendered":"<p>Ha \u00fagy \u00e9rzi, hogy az oldalon tal\u00e1lhat\u00f3 tartalom s\u00e9rti b\u00e1rki szerz\u0151i jogait, k\u00e9rj\u00fck vegye fel vel\u00fcnk a kapcsolatot az al\u00e1bbi e-mail c\u00edmen. Kapcsolat: phord@proton.me Az esetleges illet\u00e9ktelen publik\u00e1ci\u00f3kat halad\u00e9ktalanul korrig\u00e1ljuk.<\/p>\n","protected":false},"author":1,"featured_media":0,"parent":0,"menu_order":0,"comment_status":"closed","ping_status":"closed","template":"","meta":{"footnotes":""},"class_list":["post-10","page","type-page","status-publish","hentry"],"_links":{"self":[{"href":"https:\/\/ezporogmostaneten.live\/ezjottmost\/wp-json\/wp\/v2\/pages\/10","targetHints":{"allow":["GET"]}}],"collection":[{"href":"https:\/\/ezporogmostaneten.live\/ezjottmost\/wp-json\/wp\/v2\/pages"}],"about":[{"href":"https:\/\/ezporogmostaneten.live\/ezjottmost\/wp-json\/wp\/v2\/types\/page"}],"author":[{"embeddable":true,"href":"https:\/\/ezporogmostaneten.live\/ezjottmost\/wp-json\/wp\/v2\/users\/1"}],"replies":[{"embeddable":true,"href":"https:\/\/ezporogmostaneten.live\/ezjottmost\/wp-json\/wp\/v2\/comments?post=10"}],"version-history":[{"count":1,"href":"https:\/\/ezporogmostaneten.live\/ezjottmost\/wp-json\/wp\/v2\/pages\/10\/revisions"}],"predecessor-version":[{"id":11,"href":"https:\/\/ezporogmostaneten.live\/ezjottmost\/wp-json\/wp\/v2\/pages\/10\/revisions\/11"}],"wp:attachment":[{"href":"https:\/\/ezporogmostaneten.live\/ezjottmost\/wp-json\/wp\/v2\/media?parent=10"}],"curies":[{"name":"wp","href":"https:\/\/api.w.org\/{rel}","templated":true}]}}